{"id":7,"date":"2019-07-29T13:07:10","date_gmt":"2019-07-29T11:07:10","guid":{"rendered":"http:\/\/bruno-foucart.com\/?page_id=7"},"modified":"2019-07-29T16:11:14","modified_gmt":"2019-07-29T14:11:14","slug":"energie-cristalline","status":"publish","type":"page","link":"https:\/\/bruno-foucart.com\/index.php\/energie-cristalline\/","title":{"rendered":"L\u2019\u00e9nergie cristalline"},"content":{"rendered":"<p>[vc_row][vc_column width=\u00a0\u00bb1\/6&Prime;][\/vc_column][vc_column width=\u00a0\u00bb2\/3&Prime;][vc_column_text]<strong>Cristallin, cristalline.<br \/>\n<em>Semblable au cristal par la puret\u00e9, la limpidit\u00e9, la transparence, la sonorit\u00e9.<\/em><\/strong><\/p>\n<p>La s\u00e9ance d\u2019\u00e9nergie cristalline dure 30 minutes, pendant lesquelles vous restez allong\u00e9, les yeux ferm\u00e9s. Je recommande de recevoir de trois \u00e0 cinq s\u00e9ances pour en profiter pleinement.<\/p>\n<p>C\u2019est une forme de magn\u00e9tisme moderne, simple, pratique et efficace.<\/p>\n<p>Il n\u2019y a pas besoin d\u2019 y croire, d\u2019ailleurs ce n\u2019est li\u00e9 \u00e0 aucune croyance. Le praticien n\u2019utilise ni cristal, ni rituel. C\u2019est une\u00a0<strong>exp\u00e9rience,<\/strong>\u00a0pas un traitement.<\/p>\n<p>Mots clefs :\u00a0<strong>nettoyage, harmonisation, \u00e9quilibrage<\/strong>\u00a0: cela remet en route vos \u00e9nergies, votre \u00e9nergie vitale circule mieux.<\/p>\n<p>L \u2018\u00e9nergie cristalline est une \u00e9nergie de gu\u00e9rison<strong>***<\/strong>, de transformation et de lib\u00e9ration, qui nous est accessible depuis fin 2012.<\/p>\n<p>C\u2019est une \u00e9nergie du c\u0153ur, elle fissure nos carapaces, dissout nos peurs, pour nous apporter paix int\u00e9rieure, joie et vitalit\u00e9.<\/p>\n<p>Elle nous rend\u00a0<strong>plus l\u00e9gers, plus sereins et plus vivants<\/strong>. Elle r\u00e9veille notre cr\u00e9ativit\u00e9.<\/p>\n<p><strong>***<\/strong>\u00a0J\u2019attire l\u2019attention des visiteurs de ce site sur le fait que les informations donn\u00e9es ou une \u00e9ventuelle s\u00e9ance d\u2019\u00e9nergie ne doivent en aucun cas avoir pour effet de retarder une consultation aupr\u00e8s d\u2019un m\u00e9decin g\u00e9n\u00e9raliste ou sp\u00e9cialiste qui seul peut \u00e9tablir un diagnostic,\u00a0d\u00e9terminer un traitement, prescrire la prise de m\u00e9dicaments ou encore d\u00e9cider de l\u2019arr\u00eat d\u2019un traitement. Les s\u00e9ances que je propose n\u2019ont pas vocation \u00e0 soigner les maladies mais \u00e0 apporter confort, bien-\u00eatre et relaxation.\u00a0Si vous \u00eates concern\u00e9 par une r\u00e9\u00e9ducation aupr\u00e8s de votre masseur-kin\u00e9sith\u00e9rapeute,\u00a0il conviendra \u00e9galement de veiller \u00e0 son suivi.[\/vc_column_text][\/vc_column][vc_column width=\u00a0\u00bb1\/6&Prime;][\/vc_column][\/vc_row]<\/p>\n","protected":false},"excerpt":{"rendered":"<p>[vc_row][vc_column width=\u00a0\u00bb1\/6&Prime;][\/vc_column][vc_column width=\u00a0\u00bb2\/3&Prime;][vc_column_text]Cristallin, cristalline. Semblable au cristal par la puret\u00e9, la limpidit\u00e9, la transparence, la sonorit\u00e9. La s\u00e9ance d\u2019\u00e9nergie cristalline dure 30 minutes, pendant lesquelles vous restez allong\u00e9, les yeux ferm\u00e9s. Je recommande de recevoir de trois \u00e0 cinq s\u00e9ances pour en profiter pleinement. C\u2019est une forme de magn\u00e9tisme moderne, simple, pratique et efficace. Il&hellip; <a class=\"more-link\" href=\"https:\/\/bruno-foucart.com\/index.php\/energie-cristalline\/\">Poursuivre la lecture <span class=\"screen-reader-text\">L\u2019\u00e9nergie cristalline<\/span><\/a><\/p>\n","protected":false},"author":1,"featured_media":0,"parent":0,"menu_order":0,"comment_status":"closed","ping_status":"closed","template":"","meta":{"footnotes":""},"class_list":["post-7","page","type-page","status-publish","hentry","entry"],"_links":{"self":[{"href":"https:\/\/bruno-foucart.com\/index.php\/wp-json\/wp\/v2\/pages\/7","targetHints":{"allow":["GET"]}}],"collection":[{"href":"https:\/\/bruno-foucart.com\/index.php\/wp-json\/wp\/v2\/pages"}],"about":[{"href":"https:\/\/bruno-foucart.com\/index.php\/wp-json\/wp\/v2\/types\/page"}],"author":[{"embeddable":true,"href":"https:\/\/bruno-foucart.com\/index.php\/wp-json\/wp\/v2\/users\/1"}],"replies":[{"embeddable":true,"href":"https:\/\/bruno-foucart.com\/index.php\/wp-json\/wp\/v2\/comments?post=7"}],"version-history":[{"count":3,"href":"https:\/\/bruno-foucart.com\/index.php\/wp-json\/wp\/v2\/pages\/7\/revisions"}],"predecessor-version":[{"id":58,"href":"https:\/\/bruno-foucart.com\/index.php\/wp-json\/wp\/v2\/pages\/7\/revisions\/58"}],"wp:attachment":[{"href":"https:\/\/bruno-foucart.com\/index.php\/wp-json\/wp\/v2\/media?parent=7"}],"curies":[{"name":"wp","href":"https:\/\/api.w.org\/{rel}","templated":true}]}}