{"id":13,"date":"2019-07-29T13:08:05","date_gmt":"2019-07-29T11:08:05","guid":{"rendered":"http:\/\/bruno-foucart.com\/?page_id=13"},"modified":"2019-08-05T17:35:46","modified_gmt":"2019-08-05T15:35:46","slug":"bibliographie","status":"publish","type":"page","link":"https:\/\/bruno-foucart.com\/index.php\/bibliographie\/","title":{"rendered":"Bibliographie"},"content":{"rendered":"<p>[vc_row][vc_column][vc_row_inner][vc_column_inner width=\u00a0\u00bb1\/6&Prime;][vc_single_image image=\u00a0\u00bb72&Prime; alignment=\u00a0\u00bbright\u00a0\u00bb][\/vc_column_inner][vc_column_inner width=\u00a0\u00bb5\/6&Prime;][vc_column_text]<strong>CONSTANTY, Francois<\/strong><br \/>\nDevenir canal des nouvelles \u00e9nergies. Le premier livre sur l&rsquo;\u00e9nergie cristalline.<br \/>\nEditions Bussi\u00e8res, 2017. 108 p.[\/vc_column_text][\/vc_column_inner][\/vc_row_inner][prkwp_spacer][prk_line][prkwp_spacer][vc_row_inner][vc_column_inner width=\u00a0\u00bb1\/6&Prime;][vc_single_image image=\u00a0\u00bb73&Prime; alignment=\u00a0\u00bbright\u00a0\u00bb][\/vc_column_inner][vc_column_inner width=\u00a0\u00bb5\/6&Prime;][vc_column_text]<strong>PEARL, Eric<\/strong><br \/>\nLa Reconnexion. Gu\u00e9rir les autres et se gu\u00e9rir soi-m\u00eame.<br \/>\nEditions Ariane, 2002. 255 p.[\/vc_column_text][\/vc_column_inner][\/vc_row_inner][prkwp_spacer][prk_line][prkwp_spacer][vc_row_inner][vc_column_inner width=\u00a0\u00bb1\/6&Prime;][vc_single_image image=\u00a0\u00bb74&Prime; alignment=\u00a0\u00bbright\u00a0\u00bb][\/vc_column_inner][vc_column_inner width=\u00a0\u00bb5\/6&Prime;][vc_column_text]<strong>BOUDET, Alain<\/strong><br \/>\nDr en Sciences Physiques<\/p>\n<p>auteur de Le syst\u00e8me de circuits vitaux de la Terre en 3 articles :<br \/>\n1. <a href=\"https:\/\/www.spirit-science.fr\/doc_terre\/grille1.html\">Alignements g\u00e9om\u00e9triques de lieux sacr\u00e9s<\/a>.<br \/>\nPublication du 11\/06\/2011 mise \u00e0 jour le 06\/11\/\/2011<br \/>\n2. <a href=\"https:\/\/www.spirit-science.fr\/doc_terre\/grille2.html\">R\u00e9seaux plan\u00e9taires et poly\u00e8dres<\/a><br \/>\nPublication du 10\/07\/2011 mise \u00e0 jour le 06\/04\/\/2014<br \/>\n3. <a href=\"https:\/\/www.spirit-science.fr\/doc_terre\/grille3.html\">La nouvelle grille plan\u00e9taire et l&rsquo;\u00e9volution de la conscience<\/a><br \/>\nPublication du 06\/11\/2011\u00a3<\/p>\n<p>C&rsquo;est dans cette derni\u00e8re partie que l&rsquo;auteur aborde le sujet du \u00ab\u00a0syst\u00e8me de m\u00e9ridiens d&rsquo;\u00e9nergie de la Terre\u00a0\u00bb et cite, notamment, deux grilles terrestres importantes :<br \/>\n&#8211; la grille magn\u00e9tique<br \/>\n&#8211; la nouvelle grille cristalline ..<\/p>\n<p>Il est possible de t\u00e9l\u00e9charger un fichier PDF int\u00e9grant l&rsquo;ensemble de ces 3 articles : voir pour cela le lien plac\u00e9 tout en bas de l&rsquo; encart figurant sur le c\u00f4t\u00e9 gauche de la 1\u00e8re page de chacun d&rsquo;entre eux, svp. Si cela vous int\u00e9resse et que vous avez des difficult\u00e9s \u00e0 le t\u00e9l\u00e9charger communiquez moi votre adresse email et je me ferai un plaisir de vous en adresser un exemplaire.[\/vc_column_text][\/vc_column_inner][\/vc_row_inner][\/vc_column][\/vc_row]<\/p>\n","protected":false},"excerpt":{"rendered":"<p>[vc_row][vc_column][vc_row_inner][vc_column_inner width=\u00a0\u00bb1\/6&Prime;][vc_single_image image=\u00a0\u00bb72&Prime; alignment=\u00a0\u00bbright\u00a0\u00bb][\/vc_column_inner][vc_column_inner width=\u00a0\u00bb5\/6&Prime;][vc_column_text]CONSTANTY, Francois Devenir canal des nouvelles \u00e9nergies. Le premier livre sur l&rsquo;\u00e9nergie cristalline. Editions Bussi\u00e8res, 2017. 108 p.[\/vc_column_text][\/vc_column_inner][\/vc_row_inner][prkwp_spacer][prk_line][prkwp_spacer][vc_row_inner][vc_column_inner width=\u00a0\u00bb1\/6&Prime;][vc_single_image image=\u00a0\u00bb73&Prime; alignment=\u00a0\u00bbright\u00a0\u00bb][\/vc_column_inner][vc_column_inner width=\u00a0\u00bb5\/6&Prime;][vc_column_text]PEARL, Eric La Reconnexion. Gu\u00e9rir les autres et se gu\u00e9rir soi-m\u00eame. Editions Ariane, 2002. 255 p.[\/vc_column_text][\/vc_column_inner][\/vc_row_inner][prkwp_spacer][prk_line][prkwp_spacer][vc_row_inner][vc_column_inner width=\u00a0\u00bb1\/6&Prime;][vc_single_image image=\u00a0\u00bb74&Prime; alignment=\u00a0\u00bbright\u00a0\u00bb][\/vc_column_inner][vc_column_inner width=\u00a0\u00bb5\/6&Prime;][vc_column_text]BOUDET, Alain Dr en Sciences Physiques auteur de Le syst\u00e8me de&hellip; <a class=\"more-link\" href=\"https:\/\/bruno-foucart.com\/index.php\/bibliographie\/\">Poursuivre la lecture <span class=\"screen-reader-text\">Bibliographie<\/span><\/a><\/p>\n","protected":false},"author":1,"featured_media":0,"parent":0,"menu_order":0,"comment_status":"closed","ping_status":"closed","template":"","meta":{"footnotes":""},"class_list":["post-13","page","type-page","status-publish","hentry","entry"],"_links":{"self":[{"href":"https:\/\/bruno-foucart.com\/index.php\/wp-json\/wp\/v2\/pages\/13","targetHints":{"allow":["GET"]}}],"collection":[{"href":"https:\/\/bruno-foucart.com\/index.php\/wp-json\/wp\/v2\/pages"}],"about":[{"href":"https:\/\/bruno-foucart.com\/index.php\/wp-json\/wp\/v2\/types\/page"}],"author":[{"embeddable":true,"href":"https:\/\/bruno-foucart.com\/index.php\/wp-json\/wp\/v2\/users\/1"}],"replies":[{"embeddable":true,"href":"https:\/\/bruno-foucart.com\/index.php\/wp-json\/wp\/v2\/comments?post=13"}],"version-history":[{"count":6,"href":"https:\/\/bruno-foucart.com\/index.php\/wp-json\/wp\/v2\/pages\/13\/revisions"}],"predecessor-version":[{"id":78,"href":"https:\/\/bruno-foucart.com\/index.php\/wp-json\/wp\/v2\/pages\/13\/revisions\/78"}],"wp:attachment":[{"href":"https:\/\/bruno-foucart.com\/index.php\/wp-json\/wp\/v2\/media?parent=13"}],"curies":[{"name":"wp","href":"https:\/\/api.w.org\/{rel}","templated":true}]}}